(i) = 3*i - 48. Let d be s(0). Let v = d + 36. Let z be (v/(-10))/(3/210). Calculate the greatest common divisor of 126 and z.
42
Suppose -9*l + 132*l + 574 - 8200 = 0. Calculate the highest common factor of l and 372.
62
Let q(p) = -273*p + 1180. Let b be q(3). Calculate the highest common factor of 171 and b.
19
Let j be (10 - 7)*130/30. Suppose b + 1 = 4. Suppose -2*y - 3*d + d = -134, b*y - 205 = -5*d. Calculate the highest common factor of j and y.
13
Suppose -138*x = -o - 137*x + 109, 0 = 5*o + 4*x - 572. What is the greatest common divisor of o and 2552?
8
Suppose -4*c + 1810 = -5*k, -22*c + 17*c - 5*k + 2240 = 0. Let w = 61 - 172. Let r = w - -161. Calculate the greatest common divisor of c and r.
50
Suppose 156*h - 62*h - 539748 = 0. Calculate the highest common factor of h and 396.
198
Suppose -25*l = -4577 + 1377. What is the highest common divisor of 1312 and l?
32
Let w(p) be the second derivative of 5*p**4/12 - 5*p**3/3 - 15*p**2/2 + 4*p - 7. Let u be w(-6). What is the highest common divisor of u and 9?
9
Suppose -118*b + 104*b = -84. Let f = 3 + 2. Suppose f*c - 25 = 50. Calculate the highest common divisor of c and b.
3
Suppose -2084 = -17*v - 78. What is the greatest common factor of 1003 and v?
59
Suppose 0 = -116*z + 111*z + 100. Calculate the highest common factor of 860 and z.
20
Let x = -1388 + 3806. Calculate the greatest common factor of x and 558.
186
Let f be (-22)/(-55) - (-2)/(-10)*2. Let b = f + 40. What is the highest common factor of b and 32?
8
Let k(h) = 73*h + 1. Let i be k(2). Let l = i + -131. Calculate the greatest common factor of l and 2.
2
Suppose 3*q + 99 = -4*y, -2*q = -y - q - 23. Let f be y/(-3) - (2 + -1). Suppose -p = 1, 2*p = -m + 7*p + 12. What is the highest common factor of m and f?
7
Let s(l) = l**2 + l + 3. Let d be s(6). Let m = -207 + 592. Let n = -376 + m. Calculate the greatest common divisor of d and n.
9
Let u(x) = 17*x**2 + 134*x + 399. Let t be u(-3). Calculate the greatest common divisor of t and 320.
10
Let b(w) = -39*w - 1793. Let i be b(-118). What is the highest common factor of 159 and i?
53
Suppose -4760 = -7*w + 3*w. Let l = -819 + w. Calculate the greatest common divisor of l and 53.
53
Let q(b) = 129*b - 1908. Let t be q(15). Suppose -3*j - i + 101 = -61, 2*j = -2*i + 108. What is the greatest common divisor of j and t?
27
Let j(g) = g**2 - 17*g + 64. Let r be j(11). Let x(u) = 28*u + 65. Let o be x(r). Let q be (-1)/3 - 1866/(-9). Calculate the greatest common divisor of q and o.
9
Let j(x) be the second derivative of -4*x**3/3 - 28*x**2 + 59*x + 1. Let s be j(-13). Calculate the highest common divisor of 144 and s.
48
Suppose 176171 + 186318 = 97*y. Calculate the greatest common divisor of y and 74.
37
Suppose -5*i - 55 = -5*f, -i + 5 = -0*i. Let g = -6635 + 6651. What is the greatest common factor of g and f?
16
Suppose -4*z = f - 5*f - 304, 160 = 2*z - 4*f. Suppose 68*o + 432 = z*o. Calculate the highest common factor of 27 and o.
27
Let i be (-4)/16*-6 + (-5)/10. Suppose -279 - i = -7*w. Calculate the highest common factor of w and 760.
40
Let i = -5451 + 5771. What is the highest common divisor of i and 260?
20
Let h be ((-9)/3 - -1)*-18. Suppose -3*m = r - 0*r - 85, 4*m + r - 112 = 0. Let i = 31 - m. What is the highest common factor of i and h?
4
Let w = -253 + 69. Let d = 268 + w. Let m(f) = 13*f**2 - f. Let s be m(1). What is the greatest common factor of s and d?
12
Let l(j) = j**2 + 2. Let z be l(-7). Let o = z - 31. Let d be (0 + 9)/(6/o). What is the greatest common divisor of d and 10?
10
Suppose -4*b - 2*r = -718, 3*b - 183 - 356 = -r. What is the highest common divisor of b and 108?
36
Suppose 17 - 311 = -3*p. Suppose 24*w - p = 22*w. Let r = w + -25. Calculate the greatest common divisor of 12 and r.
12
Let h be 12*(-6)/(-24) - -11. Suppose 3*z = -h + 56. Calculate the highest common divisor of z and 70.
14
Let c = -96 + 283. Suppose c*g - 194*g = -448. What is the greatest common divisor of g and 160?
32
Suppose 0 = u - 0*u - 3*s - 11, -u + 4*s = -11. Let f = -4338 - -4415. Calculate the highest common factor of f and u.
11
Let d = -536 + 610. What is the highest common divisor of d and 111?
37
Let n = 39763 + -39749. Calculate the highest common factor of n and 23786.
14
Let a(r) = -3*r + 33. Let c = 14 + -7. Let v be a(c). What is the highest common factor of 144 and v?
12
Let o be (-26)/65 - (-213)/(-5). Let s = -17 - o. What is the highest common divisor of s and 13?
13
Let u be 15 + (-10)/20*-2986. Calculate the greatest common divisor of u and 116.
116
Let m = 305 + -798. Let v = m + 525. Let u(s) = 15*s**2 + 5*s - 4. Let l be u(4). What is the highest common divisor of v and l?
32
Suppose -u - 3*u + 3948 = 8*u. Let f = 81 - 34. What is the greatest common divisor of u and f?
47
Suppose 5*p = -3*j + 9252, -p - 3*j - 3684 = -3*p. Calculate the highest common divisor of 2079 and p.
231
Suppose -34*o + 5333 = -4765. What is the greatest common factor of o and 162?
27
Suppose 51 = 3*i + w, 115*i = 111*i - 3*w + 78. Calculate the highest common factor of 7365 and i.
15
Suppose 0 = 4*c - 1148 + 968. Calculate the greatest common factor of c and 1440.
45
Let d(x) = 261*x + 2384. Let h be d(-2). Calculate the greatest common factor of 343 and h.
49
Let m be 60*3*6/27. Let y be 2/(-8) - 3113/44. Let i = 76 + y. Calculate the greatest common divisor of i and m.
5
Let w(a) = -a**3 + 16*a + 4. Let u be w(-4). Suppose 1520 - 1592 = -u*q. Let h = -5 + 167. Calculate the greatest common factor of h and q.
18
Suppose -5*t + s + 1786 = -1996, -754 = -t - s. Suppose 0 = -4*z - 4*o - o + t, z - o = 189. What is the highest common factor of 126 and z?
63
Suppose 203*s - 18 = -4*w + 202*s, -10 = -2*w - s. What is the highest common divisor of w and 64?
4
Suppose 0 = 4*r + 4, -4*h - 4*r + 137 = -r. Suppose -3*y - 2*o = -11, 35*y - 39*y + 14 = 3*o. What is the highest common factor of h and y?
5
Suppose 2*j - 2*d = -0*j - 444, 5*j - 2*d + 1116 = 0. Let n = -214 - j. Calculate the greatest common factor of 160 and n.
10
Suppose 0 = m - 3*m + 130. Let v be 656/48 + 4/(-6). Calculate the greatest common factor of m and v.
13
Let i = -553129 - -553153. Suppose 3*n + 0 = 3, 2*c - 3 = 3*n. Suppose b + c*b = 48. Calculate the highest common factor of i and b.
12
Let w(h) = 94*h - 1036. Let x be w(14). Calculate the greatest common divisor of 376 and x.
8
Suppose -100*p + 96*p = 5*s - 310, 2*s + 324 = 4*p. Calculate the greatest common divisor of p and 1296.
16
Suppose 2*z + 52 + 52 = 0. Let f = -47 - z. Suppose -3*l - b = -0*l - 105, f*b - 35 = -l. What is the highest common factor of 315 and l?
35
Suppose -2*s = 0, 4*w + 4*s = -179 - 1401. Let a = w - -469. What is the highest common factor of a and 185?
37
Let v = -921 - -210. Let q = v + 766. Calculate the greatest common divisor of q and 110.
55
Suppose -15*q + 19*q = 3*a - 1088, -4*a - 4*q + 1460 = 0. Calculate the highest common factor of a and 442.
26
Suppose -68*n - 8120 = -103*n. Calculate the greatest common divisor of n and 472.
8
Let z be 312345/(-9)*(-3)/15. Calculate the highest common divisor of z and 77.
11
Suppose 0 = 4*t + t + 70. Let b = 1 - t. Suppose -3*p = p - 20. Calculate the highest common divisor of b and p.
5
Let f(h) = 13*h**2 - 330*h - 77. Let s be f(33). Calculate the highest common factor of 330 and s.
110
Let q = 100 + -30. Let z be 91 + 5/(20/(-8)). Suppose 3*y + 5 = z. What is the greatest common factor of y and q?
14
Let h(v) = -v**3 + 7*v**2 + 10*v + 8. Let b be h(8). Suppose 2*j - 203 = 9*j. Let n = j + 89. Calculate the greatest common divisor of b and n.
12
Suppose 0 = 84*j - 16988 + 3968. Let r be (-645)/(-21) - (-2)/7. Calculate the highest common factor of r and j.
31
Let g be 24/(-1)*(-5)/20. Suppose -g*z - 364 = -8*z. Calculate the highest common divisor of z and 28.
14
Suppose -13*g + 18 = -16*g. Let o(h) = -6*h - 35. Let s be o(g). What is the greatest common factor of 16 and s?
1
Let c be 11*(101724/1666 + 2/68*-2). What is the highest common factor of 880 and c?
11
Suppose -2*f + 251 = 145. Suppose -p + f = -145. What is the greatest common divisor of 6 and p?
6
Let q be 1 + -3 + (1 - -31). Let b(t) = 2*t**2 - 4*t + 15. Let o(a) = 3*a - 22. Let s be o(9). Let r be b(s). What i